0 = -5*r, 3*c - 58 = -3*r + 8. Determine n(c).
4
Let j(d) = 3*d - 6944 + 13880 - 2*d - 6939. Determine j(0).
-3
Let h = -4 + 4. Suppose 3*v + 0*v + 12 = -5*n, -9 = -3*v + 2*n. Let b(l) = v + 0 + h*l - l. Determine b(-3).
4
Let z(p) be the second derivative of -p**3/3 + 31*p**2/2 + 46*p. Give z(13).
5
Let h = -17 + 19. Suppose w - 23 = -4*w - 4*f, -1 = -w - h*f. Let g(v) be the first derivative of v**3/3 - 3*v**2 - 10*v + 2. Calculate g(w).
-3
Let f(c) be the second derivative of -c**6/360 + 7*c**5/120 + 5*c**4/12 + c. Let y(l) be the third derivative of f(l). Let i = 3 + 2. What is y(i)?
-3
Let n(c) = 2*c**3 - c**2 + c + 5. Let t be n(0). Suppose -11 = t*y + 4, 5*a - 2*y = 31. Let d(s) = 3*s**2 - 3 - 1 - 2*s + 2*s**2 - s**3. What is d(a)?
-14
Let i(t) = t**3 - 2*t**2 - t + 1. Let v = 30 + -26. Suppose -v*j - 2 = -14. Calculate i(j).
7
Let l(a) = 2*a**3 - 4*a**2 + 3*a. Let g be -8 + 11/(88/80). Determine l(g).
6
Let y(c) = c + 4. Let f(n) = -n - 4. Let t(k) = 4*f(k) + 5*y(k). Suppose -2*p - 22 = 4*x, -p - 5 = 3*x + 13. Determine t(x).
-3
Let s(c) = -8*c**2 + 3. Let w(n) = -9*n**2 - n + 4. Let k(d) = 3*s(d) - 2*w(d). Let l = 4 + -5. Determine k(l).
-7
Suppose -135 + 127 = -2*b. Let j(h) = -h**3 + 2*h**2 + 6*h - 5. Let z(k) = 2*k**2 - 5 - k**2 + 6 + 0*k**2. Let d(o) = j(o) + z(o). What is d(b)?
4
Let m(c) = 12*c - 1. Let o = -175 - -176. Calculate m(o).
11
Let b(h) = 18 - h + 0 - 17. Let f be (-1 - 4) + -1 + 2. Determine b(f).
5
Let c(u) = u - 12. Suppose -64*a + 50 = -54*a. Give c(a).
-7
Let s(o) = 6*o + 1. Let z(r) = -5*r - 2. Let c(p) = -2*s(p) - 3*z(p). Let y(g) = 232*g - 225*g + 11 - 4. Let x(u) = 5*c(u) - 2*y(u). What is x(-5)?
1
Suppose 3*b + 5 = b - d, 12 = -4*d. Let r(h) be the third derivative of 5/24*h**4 - 7*h**2 + 0*h + 0 + 0*h**3. What is r(b)?
-5
Let u be 330/(-385) - (-87)/(-21). Let n(o) = -9*o - 6. Let t(l) = -3*l - 2. Let z(c) = -2*n(c) + 7*t(c). Give z(u).
13
Let s(o) = -13*o + 9. Let l(c) be the first derivative of -3*c**2 + 5*c - 7. Let w(d) = -11*l(d) + 6*s(d). What is w(-2)?
23
Let p(t) = -t + 3. Let q(v) = -v + 4. Let s(u) = -4*p(u) + 3*q(u). Suppose 75*z + 52 = 62*z. Determine s(z).
-4
Let u(p) be the third derivative of 3*p**4/2 + p**3/6 + 26*p**2 + 4*p. Give u(1).
37
Let n(i) = 4*i - 23. Let s be n(8). Suppose s*o - 2*o = 14. Let k(x) = x**3 - 3*x**2 + x + 2. Determine k(o).
0
Let o(c) = -4*c - 23. Let z be o(-8). Let l = z - 10. Let a(q) = 3*q + 1. Let w(k) = k. Let i(m) = a(m) - 5*w(m). Give i(l).
3
Let y(l) = -6*l**2 - 7*l + 23. Let v(j) = 5*j**2 + 6*j - 18. Let m(h) = -4*v(h) - 3*y(h). Suppose 4*a - 6*a + 4 = 0. Suppose -a*f - 4 = -4*f. Determine m(f).
-11
Let m be (5 - -1) + 3*8/(-24). Suppose 2*l - 2 = -t - 6, -4*t + l + 2 = 0. Suppose -5*z + m = -t*z. Let n(a) = -7*a + 1. Determine n(z).
-6
Suppose 3*x = -m - 5, -75 = 7*m - 12*m + 5*x. Let d(p) = p**3 - 11*p**2 + 8*p + 7. What is d(m)?
-13
Let c be -1 - (-1 - 0) - 208/104. Let m(y) = y**3 - y**2 + 2*y + 2. Give m(c).
-14
Suppose -2 - 6 = -4*k. Let c(q) be the first derivative of q**2 + 1/3*q**3 - 3*q - 15. Calculate c(k).
5
Suppose 2*n - 19 = -5*b, -4*b + 4 + 16 = 4*n. Let p(i) = i**2 + n - 13 - i**3 + i + 0*i**2. Calculate p(0).
-11
Let r(x) = 2*x**2 + 3*x + 3. Suppose 0 = a + 29*a + 90. Calculate r(a).
12
Let t(y) = y**3 - 7*y**2 + 3*y + 4. Let c(q) be the second derivative of q**4/12 - q**2/2 - 2*q. Suppose 0 = -m + 8 - 5. Let s(b) = m*c(b) + t(b). What is s(3)?
1
Suppose 30*k - 46 = 44. Let z(u) be the first derivative of -u**4/4 + 4*u**3/3 - u**2 - u + 7. Calculate z(k).
2
Let l(b) = 2*b - 8. Let c(i) = -i + 10. Let p(g) = -3*c(g) - 2*l(g). Calculate p(-10).
-4
Let m = -36 - -40. Suppose 0*p - 2*z + 12 = -m*p, -4*p - 5*z - 40 = 0. Let c(o) = -3*o - 6. Give c(p).
9
Let i(h) = 6 - 6*h**2 - 1 + 4*h + 9 + h**2 + 4*h**2. Calculate i(6).
2
Let n(u) = -4670 + 4667 - u + 0*u. Suppose -2*z = -6*z + 12. What is n(z)?
-6
Let g(t) = -t**2 + t + 4. Let v(l) = l**2 - 2*l - 5. Let i(f) = 3*g(f) + 2*v(f). Let o(s) = -s + 6. Let x be o(4). Give i(x).
-4
Let k(o) = o**2 - 3*o - 5. Let q = -84 + 98. Let f be (2 + -5 - (-46)/14)*q. What is k(f)?
-1
Let c(n) = -4 + 0 - 3*n + 3. Suppose 11*f - 2 + 13 = 0. Let y be c(f). Let b(k) = -k**2 + 2*k + 2. Give b(y).
2
Let n(f) = -2*f + 4. Let l(q) = 7*q - 13. Let w(i) = l(i) + 3*n(i). Suppose -2*x = 4*t - 4, 3*x - 2*t - 3*t = -27. Determine w(x).
-5
Let o(k) be the second derivative of -5*k**3/3 - 12*k + 8. Give o(-3).
30
Let u(i) = -3*i + 10. Let y(q) = 8*q - 30. Let r(o) = 11*u(o) + 4*y(o). Let m be r(-6). Let h(z) = 4 + z + 3*z - 3 - 7*z. Give h(m).
13
Let h be (-9)/2*4/(-3). Let k = 90 - 87. Let a(b) = -b**3 + 13*b + 2*b**k + 5*b**2 - 9*b - 2*b**3 + 7. Calculate a(h).
-5
Let d(v) = -3*v**2 + 8*v + 7. Suppose 552*g = 556*g + 4. Give d(g).
-4
Let r(c) = -c - 8. Let g = 61 + -11. Let h = 37 - g. Give r(h).
5
Let x be (-14)/2 - 0/(-8). Let m(i) = i**3 + 9*i**2 + 12*i - 1. Give m(x).
13
Suppose r - 3*r + 2 = 0. Let t(v) = 3*v - 2*v**2 - 2*v - 3 + r - 5*v. What is t(-2)?
-2
Let h(n) be the first derivative of n**3/2 + n**2 + 28*n + 26. Let u(q) be the first derivative of h(q). What is u(3)?
11
Suppose w = 2*r + 1, -2*w + 5*r - 4 + 7 = 0. Let h(c) = -18*c - 24. Give h(w).
-6
Let t(x) be the second derivative of -x**7/105 + x**6/360 - x**5/120 - 7*x**4/12 - x**3/2 - x + 7. Let j(z) be the third derivative of t(z). What is j(1)?
-23
Let t(h) = h**3 + 7*h**2. Suppose 6*l = 5*l + 169. Suppose 0 = 5*m - 4*f - l, 67 = 2*m - 2*f + f. Suppose -4*r + d - m = -0*d, -4*r - 3*d = 13. Give t(r).
0
Let b(g) = -g**3 - 3*g**2 + 4*g + 5. Let s = 671 - 676. Give b(s).
35
Let q(r) be the first derivative of -1/3*r**4 + 1/120*r**5 + 0*r**2 - 1/3*r**3 + 0*r - 5 + 1/360*r**6. Let i(a) be the third derivative of q(a). Determine i(0).
-8
Let a be 44/(-11) - (-31 - 1). Let n be (a/6)/((80/15)/8). Let y(q) = q**2 - 9*q + 10. What is y(n)?
-4
Let p(u) be the third derivative of -u**5/60 + 7*u**4/24 - u**3/2 - 30*u**2 + 2. Calculate p(7).
-3
Let s be 11/5 + (-5)/25. Suppose -2*i - 22 = -4*c, 5*i + 14 = i + s*c. Let z(r) = 4*r**3 - 2*r**2 - r. Determine z(i).
-5
Let s(j) be the first derivative of 7*j - 8 + 1/3*j**3 - 9/2*j**2. Give s(6).
-11
Let q(s) = s**2 + 10*s + 7. Let x(z) = z. Let h(l) = q(l) - 2*x(l). Give h(-5).
-8
Let a(r) be the third derivative of 7*r**5/60 - r**4/12 + r**3/3 - 18*r**2 - r. Determine a(1).
7
Let f(h) = -15*h**2 + 2*h + 2. Let n(b) = -43*b**2 + 5*b + 6. Let u(q) = 11*f(q) - 4*n(q). Give u(1).
7
Let d(u) = -41*u**3 - u**2 - u. Suppose 21*j = -138 + 117. What is d(j)?
41
Let n(k) = 7*k**2 - 17*k - 14. Let x(m) = -6*m**2 + 16*m + 9. Let g(y) = 4*n(y) + 5*x(y). Determine g(6).
-11
Let f(s) = -26*s - 2*s**2 + s + 0 - 3 - 3. Give f(-12).
6
Suppose -2*g = 3*q + 2, 0 = -4*q - g + 4 - 0. Suppose 3*c = -4*w - 3 - 18, -2*w + q*c = 0. Let r(h) = h**2 + 4*h + 4. Determine r(w).
1
Let w(g) = -g**2 + 11*g + 14. Let d be 3/((-9)/(-4)) + (-1653)/(-171). What is w(d)?
14
Let x(p) = -p**3 + 7*p**2 + 2*p - 7. Let w(g) = -g**2 - g + 1. Let v be (-3)/6*2*(-2 + 3). Let y(d) = v*x(d) - w(d). Determine y(6).
0
Let u(f) = -f**3 - 4*f**2 - 3*f - 3. Let t = -4 + 16. Suppose 3*k = i - t, -k + 6 = -3*k. Suppose -s - 1 - i = 0. Determine u(s).
9
Suppose -n + 50 = 5*w - 4*n, -3*n + 41 = 2*w. Let k(m) = -m**2 + 13*m + 2. Calculate k(w).
2
Let t(n) = -n - 1. Let d = -39 + -31. Let v be (-268)/(-7) - (-20)/d. Let x be v/(-10) + (-3)/15. Give t(x).
3
Suppose -19*d - 4*f + 44 = -24*d, -4*d - 60 = 3*f. Let y(r) = r**3 + 13*r**2 + 11*r - 14. Determine y(d).
-2
Suppose 195 + 57 = -42*k. Suppose -3*v + 8*v - 10 = w, -4*v - w + 8 = 0. Let y(t) = 3 - t + v*t + 5. Give y(k).
2
Let a(j) = -9*j + 4. Let v(x) = 43*x - 14. Let o(c) = -21*c + 7. Let b(n) = 9*o(n) + 4*v(n). Let r = 6 + -1. Let g(h) = r*a(h) - 3*b(h). Calculate g(1).
5
Let j = 874 - 475. Let r(x) = 196 - j + 201 - 4*x. Let z(m) = -m**3 - 2*m**2 + m. Let w be z(-2). Determine r(w).
6
Let o(q) = 4*q + 1. Suppose 10*u + 155 = 15*u. Let h = u + -32. Determine o(h).
-3
Suppose -10*p + 82 + 18 = 0. Let l(t) = -t**2 + 13*t + 9. Give l(p).
39
Let v(m) be the second derivative of -m**4/12 + 11*m**2/2 + 94*m - 1. Calculate v(0).
11
Suppose -5*b = 4*q - 4 - 13, -q = 5*b - 8. Let r = q - -2. Let l(y) = y + 7 - 4*y + r*y. Determine